ose -8*v + 10*v - 3164 = 0. Suppose -v = -3*a - q, 3*q - 8*q + 1072 = 2*a. Is a a prime number?
False
Let u = 18 - 13. Let v = u - 6. Is 11/((1 - v)/2) composite?
False
Suppose 7*v = -5*n + 6*v - 104, 5*v = -n - 40. Is n/8*(-12418)/35 prime?
True
Let a = 388 + -243. Suppose 0 = -2*m + 6, -4*s + 0*m + a = 3*m. Is s composite?
True
Is (-12 + -24)/9 - -31125 a prime number?
True
Let j = 3 - -1. Suppose -j*p - 171 = -1223. Is p a prime number?
True
Suppose 52*a - 214312 = 287436. Is a composite?
False
Let w(p) = 1 + 4*p - 3*p + 0*p**2 + 2*p + 17*p**2. Is w(3) a prime number?
True
Let d(a) be the third derivative of 5/24*a**4 + 5/6*a**3 + 0*a + 0 - 1/30*a**6 + 5*a**2 - 1/10*a**5. Is d(-6) a prime number?
False
Suppose -f - 2*f - 3 = 0. Let s = f - -5. Is (-2)/4*s + 17 a composite number?
True
Let d(c) = c**3 - 8*c**2 - 7*c - 8. Let i be d(9). Suppose i - 1 = -3*v. Let q(s) = -169*s - 4. Is q(v) composite?
False
Let x(t) = 2844*t**2 - 3*t - 3. Is x(-2) prime?
False
Let m(w) = -w**3 - 3*w**2 + 3*w + 2. Suppose -4*y = -y - 6, -4*a = 2*y + 64. Let u be a/3 - (-2)/3. Is m(u) a prime number?
True
Is (-3449*7/21)/((-1)/6) composite?
True
Let o be -2 - (1 + ((-19668)/4)/(-3)). Is (-14)/(-7)*o/(-4) prime?
True
Suppose -2*h + 857 = 81. Let t = -6 + -61. Let x = t + h. Is x a prime number?
False
Suppose 5*v + 0*z - 10408 = 2*z, z + 10409 = 5*v. Suppose j + 4*j + 2580 = 5*u, 4*u = -5*j + v. Suppose 8*i + u = 10*i. Is i prime?
False
Let l(t) = t**2 - 13*t - 5. Let x be l(14). Let i = -7 + x. Suppose 5*c - i*w = w + 260, -3*c + 155 = -2*w. Is c composite?
True
Let g be (16/48)/((-1)/(-15)). Suppose -2*d - g*f + 7990 = -0*f, -3*f = 5*d - 19937. Is d a composite number?
True
Let v(a) = 16*a**2 - 15 + a + 30 - 4*a. Let i(g) = -g**3 + 7*g**2 - 5*g. Let y be i(6). Is v(y) a composite number?
True
Suppose -2*s - 1620 = 3*s. Let x(v) = -57*v**2 + 5*v - 9. Let i be x(2). Let l = i - s. Is l prime?
True
Let s = -11 + 16. Suppose v = -s, -2*l + 5*v + 7 = -22. Is (l - -50) + 0 + 3 a prime number?
False
Suppose 2*n - 6*n = 4*v - 2308, n = v + 579. Suppose -8*u + 7*u + n = 0. Suppose -u = -b + 329. Is b composite?
False
Let c be 0/(1*(1 - 4)). Suppose c = 9*b - 7948 - 4301. Is b composite?
False
Let b be 32/12*90/8 - 0. Let k = 137 + b. Is k composite?
False
Let n = -2867 + 4030. Suppose 0 = 4*k + n - 5767. Is k a composite number?
False
Suppose -9*m - 111 = -6*m. Is 3/5*(-12 - m) composite?
True
Let o be (-10)/6 - (-490)/105. Let t(u) = 139*u**2 - 1. Let b be t(-4). Suppose b = o*s + s - h, -s + 562 = h. Is s a prime number?
True
Let u be 3/(-1) - (416/(-1))/(-1). Let w = -132 - u. Is w a composite number?
True
Let y(x) be the first derivative of -12*x**4 - x**3/3 - x**2/2 + 1. Let l be y(-1). Let g = 137 - l. Is g composite?
False
Suppose 2*l - 7 = -5*m + 15, -l = 4*m - 20. Suppose 4*b = -2*g + 12, -g - m = -5*b + g. Suppose -2 = -y, 2*f - b*y = 1340 - 50. Is f composite?
False
Let w(l) = -l**2 + 5*l. Let u be w(0). Suppose 0*b + 172 = 4*b. Suppose u = 2*d - 191 + b. Is d a prime number?
False
Let j(w) = -25*w**3 - w**2 - 2*w. Let g(z) = 51*z**3 + 2*z**2 + 3*z - 1. Let m(l) = 3*g(l) + 5*j(l). Is m(2) a prime number?
True
Suppose -3*s = -0*s - 9. Suppose -y + s = -1. Suppose -y*a = -0*a + 5*d - 1189, 0 = 5*a + 5*d - 1480. Is a composite?
True
Let g(h) = h + 10. Suppose -2*a = 2*a + 56. Let k be g(a). Is 140 + 2 + 1 + k composite?
False
Let w = -17 + -50. Let u = w - -122. Is u composite?
True
Suppose -t + 5*g = 3*t - 671, 5*t = g + 865. Let p = t + -45. Is p a prime number?
False
Suppose 2*j + 4*m = 9*m + 791, 5*m - 821 = -2*j. Is j a composite number?
True
Let g(i) = -4 + 12*i**2 - 3 - 11*i**2 + 2 - 4*i. Let j be g(6). Suppose -155 = -8*v + j*v. Is v composite?
True
Let k = -86 - -145. Let q = k - -20. Is q a prime number?
True
Suppose 0 = -14*t + 42553 - 11711. Suppose -5*m + t = 4*r, -r + 0*r + 440 = m. Is m prime?
True
Let l be 150/9 - 3/(-9). Suppose -1 = -4*s - l. Is 5060/8 - (-6)/s a prime number?
True
Let o be (-1)/(-4) + (-376)/(-32). Let v = 15 - o. Suppose -u + 184 = v*u. Is u composite?
True
Let j(t) = -1149*t + 14. Is j(-8) a prime number?
False
Is (-85)/(-34)*(-77512)/(-20) a composite number?
False
Let n = -440 - -733. Is n prime?
True
Let i(c) = -c + 6. Let h be i(2). Is h - (-614 + 4 - -1) a prime number?
True
Suppose -4*y = -31 + 23. Suppose -g = 3*g - 1060. Suppose y*i - g = i. Is i composite?
True
Is 3/3*6*212/8 composite?
True
Let s be (-3 + 21/6)*4. Suppose 5*r - s = 2*w, 0 = 5*w - 5*r - 7 - 3. Is -2 + w + -1 - -397 a prime number?
False
Let n = -123 - -125. Suppose -593 = -n*m + 85. Is m a prime number?
False
Is (-7)/(343/(-14)) + 23287/7 a composite number?
True
Let x be 8/(-2)*(-1386)/(-8). Is ((-60)/25)/(-6) - x/5 prime?
True
Suppose 8*d = 4*d + 8, -i + 4*d = -3753. Is i a composite number?
False
Let v be (-2)/12 - 1/(-6). Suppose v = -5*a + a - 20. Is a/3*(1 + -112) composite?
True
Let k = -33 - 217. Let j = 1064 + k. Is (-1)/(-3) + j/33 a prime number?
False
Let m(o) = -24*o**2 - 5*o + 26. Let y be m(14). Is (y + -4 + 1)/(-4 - -3) a composite number?
False
Suppose d = 3*h + 15385, 3*d = 5*d + 5*h - 30726. Is d a prime number?
True
Let p be 2/(4 + (-325)/80). Let j = 34 + p. Suppose 0 = 3*v + j*v + 3*o - 1889, 2*v = -2*o + 754. Is v prime?
True
Let i = -5 - -7. Let t(m) = -5*m + 3*m - 27 + 0*m + i*m**2 - 6*m. Is t(11) prime?
True
Let l = -9 - -13. Suppose -2*m = l*f, 2*m + f - 3 = m. Is (3 + 23)*m/4 prime?
False
Let o(u) = -9*u + 2*u**2 + 8*u + 0 + 1 - 51*u**3. Suppose 0 = a + 3*a + 8. Is o(a) prime?
True
Suppose -2*l - 5*t = -2204, 0*l + l + 3*t - 1101 = 0. Let m = l + -698. Is m composite?
False
Let w be 900 - 3*(-6)/9. Suppose 2*f - w = -3*v, -5*f - 6 = 4. Suppose -3*d = -6*g + 2*g + 568, -2*g = 3*d - v. Is g a composite number?
True
Let k = 22160 + -11497. Is k a prime number?
True
Suppose -2*t = -5*t. Let a = -50 - -54. Suppose t = f + 4*z - 247, -181 = -5*f - a*z + 1134. Is f a composite number?
True
Suppose -2*p + 34*p - 2092768 = 0. Is p prime?
False
Suppose -415 - 36 = -3*u - 5*n, 4*n = -3*u + 455. Suppose -3*j + 341 = -u. Is (-3)/(-3)*j + -3 a prime number?
True
Suppose -9*a - 20202 = 4*a. Let h = 2393 + a. Is h a composite number?
False
Let p(v) = -747*v - 217. Is p(-10) composite?
False
Suppose 5*k = -43*x + 47*x + 54805, 0 = -4*k - 3*x + 43844. Is k a prime number?
False
Let a(y) = 932*y - 11. Is a(2) a prime number?
False
Let f(k) = -3*k - 28. Let p be f(-10). Suppose p*m - 80 = -3*i + 791, -4*i - 2*m + 1160 = 0. Is i composite?
True
Suppose 466*z - 41228 = 462*z. Is z prime?
False
Suppose -89*w + 78*w + 18007 = 0. Is w a composite number?
False
Let i = -4637 - -28426. Is i a prime number?
True
Suppose -19 = -5*c + 4*h + 51, 4*h = 0. Suppose 10*v + 2524 = c*v. Is v a composite number?
False
Suppose -v - 6170 = -6*v. Let f = -756 + v. Suppose -658 - f = -4*m + 4*l, -294 = -m - l. Is m a composite number?
True
Let n(h) = -4*h - 11. Let j be n(-4). Suppose -4*d = -5*y + d + 30, 3*y = d + 12. Suppose -3*x - j*z = -288, -3*x - 464 = -8*x - y*z. Is x prime?
False
Let w(i) = -i**2 + 5. Let j be w(3). Is ((-6549)/15 + j)*-5 prime?
True
Let u = 2570 - -3411. Is u prime?
True
Let a be (-4 - 14/(-4))*-6. Suppose 4*c = 12, 4*s - 8 = a*c - 21. Is (2 + -5 - 154)/s prime?
True
Let h = 1030 - -2959. Is h a composite number?
False
Is 37759 + (-112)/(-13 - 1) a prime number?
False
Let s(b) = 18464*b**2 - b - 2. Is s(-1) prime?
False
Let y = 44 + 54. Suppose -y = -a - 9. Is a composite?
False
Let i = 3964 - 605. Is i composite?
False
Suppose -4*z + 4889 = -5691. Suppose 18*h - 13*h - z = 0. Is h a composite number?
True
Let t(s) = 3651*s**2 - 17*s - 19. Is t(-1) a prime number?
False
Suppose 95 = -d - 20. Let f = 16 - d. Is f a prime number?
True
Let i = 268498 + -176363. Is i composite?
True
Let k be 1 + -1 + (-4 - 0). Let j(h) = -h**2 - 4*h. Let r be j(k). Suppose -b + 2*s = -155, 5*s + r*s - 120 = -b. Is b composite?
True
Let h(o) = 2195*o - 16. Is h(1) prime?
True
Is ((-15186)/4)/(6/(-4)) a composite number?
False
Let a(c) = -c**3 - 28*c**2 - 39*c - 155. Is a(-29) prime?
False
Let y(d) = 3*d - 753. Let o(n) = -13*n + 3010. Let j(t) = -52*t + 12039. Let x(p) = 2*j(p) - 9*o(p). Let m(u) = 2*x(u) - 9*y(u). Is m(0) a prime number?
False
Suppose 29